ctors of 1419993?
3, 17, 9281
List the prime factors of 533830.
2, 5, 11, 23, 211
What are the prime factors of 302391?
3, 33599
List the prime factors of 493489.
31, 15919
List the prime factors of 5274768.
2, 3, 109891
What are the prime factors of 910056?
2, 3, 7, 5417
List the prime factors of 496012.
2, 11, 11273
What are the prime factors of 37078783?
7, 23, 230303
List the prime factors of 720822.
2, 3, 19, 6323
What are the prime factors of 1476704?
2, 46147
List the prime factors of 3322748.
2, 11, 13, 37, 157
What are the prime factors of 168390?
2, 3, 5, 1871
List the prime factors of 125912.
2, 15739
What are the prime factors of 5953679?
5953679
What are the prime factors of 11004631?
11, 907, 1103
List the prime factors of 160475.
5, 7, 131
What are the prime factors of 106951?
13, 19, 433
What are the prime factors of 1711109?
269, 6361
List the prime factors of 1479275.
5, 7, 79, 107
List the prime factors of 240007.
240007
List the prime factors of 5964269.
2017, 2957
List the prime factors of 156359.
7, 3191
What are the prime factors of 13868361?
3, 13, 39511
List the prime factors of 10084674.
2, 3, 1680779
What are the prime factors of 2052948?
2, 3, 171079
List the prime factors of 37739821.
7, 673, 8011
What are the prime factors of 10292943?
3, 947, 3623
What are the prime factors of 7144359?
3, 2381453
List the prime factors of 3687175.
5, 147487
List the prime factors of 2389430.
2, 5, 238943
List the prime factors of 1824153.
3, 23, 26437
What are the prime factors of 355429?
41, 8669
What are the prime factors of 5626?
2, 29, 97
List the prime factors of 1217853.
3, 7, 13, 1487
List the prime factors of 2248232.
2, 7, 19, 2113
List the prime factors of 139605.
3, 5, 41, 227
What are the prime factors of 179682?
2, 3, 29947
What are the prime factors of 1099858?
2, 379, 1451
List the prime factors of 553207.
553207
List the prime factors of 358694.
2, 7, 25621
List the prime factors of 7135992.
2, 3, 33037
List the prime factors of 517792.
2, 11, 1471
List the prime factors of 3381993.
3, 43, 971
What are the prime factors of 21617?
21617
What are the prime factors of 6077367?
3, 675263
What are the prime factors of 446007?
3, 148669
List the prime factors of 103414.
2, 29, 1783
What are the prime factors of 375742?
2, 187871
What are the prime factors of 685659?
3, 13, 17581
List the prime factors of 296999.
23, 37, 349
List the prime factors of 1514149.
7, 13, 2377
List the prime factors of 219308.
2, 109, 503
List the prime factors of 2930584.
2, 79, 4637
What are the prime factors of 1220475?
3, 5, 16273
What are the prime factors of 1037055?
3, 5, 47, 1471
List the prime factors of 34680.
2, 3, 5, 17
What are the prime factors of 1279163?
1279163
List the prime factors of 1450637.
1450637
What are the prime factors of 126249?
3, 42083
What are the prime factors of 2535536?
2, 37, 4283
List the prime factors of 1951706.
2, 367, 2659
List the prime factors of 37895248.
2, 829, 2857
List the prime factors of 319054.
2, 67, 2381
List the prime factors of 6215296.
2, 59, 823
What are the prime factors of 3159212?
2, 7, 17, 6637
List the prime factors of 28812035.
5, 7, 823201
List the prime factors of 7614432.
2, 3, 7, 1259
List the prime factors of 7768479.
3, 557, 4649
What are the prime factors of 9718830?
2, 3, 5, 11, 9817
What are the prime factors of 368198?
2, 47, 3917
What are the prime factors of 4366824?
2, 3, 7, 11, 17, 139
List the prime factors of 5232977.
5232977
List the prime factors of 1288252.
2, 7, 139, 331
What are the prime factors of 3024525?
3, 5, 7, 823
List the prime factors of 4679558.
2, 13, 211, 853
What are the prime factors of 104084?
2, 26021
What are the prime factors of 539799?
3, 13, 13841
List the prime factors of 14871946.
2, 19, 391367
List the prime factors of 30069232.
2, 53, 59, 601
List the prime factors of 512939.
7, 73277
What are the prime factors of 1116383?
19, 58757
What are the prime factors of 31628556?
2, 3, 31, 47, 67
What are the prime factors of 7870009?
7, 19, 47, 1259
List the prime factors of 14805744.
2, 3, 23, 13411
List the prime factors of 356810.
2, 5, 31, 1151
What are the prime factors of 631075?
5, 25243
List the prime factors of 779535.
3, 5, 17, 1019
List the prime factors of 1043309.
19, 43, 1277
List the prime factors of 339792.
2, 3, 7079
List the prime factors of 1268070.
2, 3, 5, 43, 983
What are the prime factors of 793249?
283, 2803
List the prime factors of 759367.
7, 83, 1307
List the prime factors of 16554052.
2, 4138513
List the prime factors of 109695.
3, 5, 71, 103
List the prime factors of 7771952.
2, 59, 8233
What are the prime factors of 5156111?
5156111
What are the prime factors of 2269253?
7, 324179
What are the prime factors of 895175?
5, 61, 587
List the prime factors of 9751606.
2, 4875803
What are the prime factors of 1328527?
73, 18199
What are the prime factors of 60108?
2, 3, 5009
List the prime factors of 705779.
705779
What are the prime factors of 5260652?
2, 23, 211, 271
List the prime factors of 192370.
2, 5, 19237
List the prime factors of 21270077.
17, 131, 9551
List the prime factors of 2134434.
2, 3, 43, 8273
What are the prime factors of 4042842?
2, 3, 37, 18211
List the prime factors of 7121616.
2, 3, 148367
What are the prime factors of 439070?
2, 5, 23, 83
What are the prime factors of 457165?
5, 91433
List the prime factors of 18769.
137
What are the prime factors of 502560?
2, 3, 5, 349
List the prime factors of 162928.
2, 17, 599
List the prime factors of 638006.
2, 71, 4493
What are the prime factors of 7190445?
3, 5, 137, 3499
What are the prime factors of 520578?
2, 3, 28921
What are the prime factors of 370240?
2, 5, 13, 89
What are the prime factors of 30862?
2, 13, 1187
What are the prime factors of 3902456?
2, 23, 127, 167
List the prime factors of 239045.
5, 47809
List the prime factors of 10575659.
10575659
List the prime factors of 26599653.
3, 71, 41627
What are the prime factors of 1118907?
3, 29, 1429
What are the prime factors of 283034?
2, 47, 3011
What are the prime factors of 22764716?
2, 13, 43, 10181
List the prime factors of 1463434.
2, 7, 109, 137
List the prime factors of 1198140.
2, 3, 5, 19, 1051
What are the prime factors of 14643320?
2, 5, 47, 7789
List the prime factors of 5662445.
5, 17, 66617
What are the prime factors of 5559389?
11, 505399
What are the prime factors of 58132?
2, 14533
List the prime factors of 4135766.
2, 2067883
List the prime factors of 1206231.
3, 13, 157, 197
List the prime factors of 28682322.
2, 3, 61, 78367
What are the prime factors of 3538997?
7, 11, 19, 41, 59
What are the prime factors of 3560724?
2, 3, 98909
List the prime factors of 1437.
3, 479
What are the prime factors of 8183682?
2, 3, 13, 41, 853
List the prime factors of 1717501.
1717501
What are the prime factors of 2190885?
3, 5, 146059
List the prime factors of 36445.
5, 37, 197
List the prime factors of 212401.
7, 19, 1597
List the prime factors of 1009277.
379, 2663
What are the prime factors of 4065117?
3, 7, 193577
What are the prime factors of 3490401?
3, 1163467
What are the prime factors of 526779?
3, 11, 17, 313
What are the prime factors of 1307638?
2, 653819
What are the prime factors of 189122?
2, 94561
What are the prime factors of 202789?
149, 1361
List the prime factors of 8073006.
2, 3, 131, 10271
List the prime factors of 643077.
3, 71453
What are the prime factors of 19853884?
2, 4963471
What are the prime factors of 3062464?
2, 109, 439
List the prime factors of 12427.
17, 43
What are the prime factors of 16909771?
16909771
What are the prime factors of 12420802?
2, 6210401
List the prime factors of 2657481.
3, 79, 11213
List the prime factors of 7838543.
7838543
List the prime factors of 174236.
2, 43, 1013
What are the prime factors of 511877?
47, 10891
List the prime factors of 355202.
2, 177601
What are the prime factors of 508444?
2, 79, 1609
What are the prime factors of 1875418?
2, 937709
List the prime factors of 4161477.
3, 131, 10589
What are the prime factors of 2042458?
2, 11, 263, 353
List the prime factors of 275818.
2, 137909
What are the prime factors of 10805482?
2, 5402741
List the prime factors of 231122.
2, 115561
What are the prime factors of 270711